{"id":1386,"date":"2023-10-24T16:36:30","date_gmt":"2023-10-24T14:36:30","guid":{"rendered":"https:\/\/www.lachtal.at\/weather\/"},"modified":"2024-04-23T09:08:44","modified_gmt":"2024-04-23T07:08:44","slug":"idojaras","status":"publish","type":"page","link":"https:\/\/www.lachtal.at\/hu\/szolgaltatas\/idojaras\/","title":{"rendered":"Id\u0151j\u00e1r\u00e1s"},"content":{"rendered":"<div class=\"acf-fc-column acf-fc-column-1\">\n<h1>Id\u0151j\u00e1r\u00e1s<\/h1>\n<p class=\"large\">A fantasztikus id\u0151j\u00e1r\u00e1s Lachtalban a t\u00e1jat fest\u0151iv\u00e9 var\u00e1zsolja, amely valamennyi l\u00e1togat\u00f3t elb\u0171v\u00f6l.<\/p>\n<\/p><\/div>\n<p><a href=\"https:\/\/www.lachtal.at\/service\/wetter\/\">Wetter<\/a><\/p>\n<div class=\"acf-fc-column acf-fc-column-1\">\n<h2>Aj\u00e1nlatok &amp; Kedvezm\u00e9nyek<\/h2>\n<\/p><\/div>\n","protected":false},"excerpt":{"rendered":"<p>Id\u0151j\u00e1r\u00e1s A fantasztikus id\u0151j\u00e1r\u00e1s Lachtalban a t\u00e1jat fest\u0151iv\u00e9 var\u00e1zsolja, amely valamennyi l\u00e1togat\u00f3t elb\u0171v\u00f6l. Wetter Aj\u00e1nlatok &amp; Kedvezm\u00e9nyek<\/p>\n","protected":false},"author":3,"featured_media":101,"parent":1390,"menu_order":0,"comment_status":"closed","ping_status":"closed","template":"","meta":{"_acf_changed":false,"footnotes":""},"class_list":["post-1386","page","type-page","status-publish","has-post-thumbnail","hentry"],"acf":[],"_links":{"self":[{"href":"https:\/\/www.lachtal.at\/hu\/wp-json\/wp\/v2\/pages\/1386","targetHints":{"allow":["GET"]}}],"collection":[{"href":"https:\/\/www.lachtal.at\/hu\/wp-json\/wp\/v2\/pages"}],"about":[{"href":"https:\/\/www.lachtal.at\/hu\/wp-json\/wp\/v2\/types\/page"}],"author":[{"embeddable":true,"href":"https:\/\/www.lachtal.at\/hu\/wp-json\/wp\/v2\/users\/3"}],"replies":[{"embeddable":true,"href":"https:\/\/www.lachtal.at\/hu\/wp-json\/wp\/v2\/comments?post=1386"}],"version-history":[{"count":3,"href":"https:\/\/www.lachtal.at\/hu\/wp-json\/wp\/v2\/pages\/1386\/revisions"}],"predecessor-version":[{"id":2045,"href":"https:\/\/www.lachtal.at\/hu\/wp-json\/wp\/v2\/pages\/1386\/revisions\/2045"}],"up":[{"embeddable":true,"href":"https:\/\/www.lachtal.at\/hu\/wp-json\/wp\/v2\/pages\/1390"}],"wp:featuredmedia":[{"embeddable":true,"href":"https:\/\/www.lachtal.at\/hu\/wp-json\/wp\/v2\/media\/101"}],"wp:attachment":[{"href":"https:\/\/www.lachtal.at\/hu\/wp-json\/wp\/v2\/media?parent=1386"}],"curies":[{"name":"wp","href":"https:\/\/api.w.org\/{rel}","templated":true}]}}

Időjárás

<div class="acf-fc-column acf-fc-column-1">
<h1>Időjárás</h1>
<p class="large">A fantasztikus időjárás Lachtalban a tájat festőivé varázsolja, amely valamennyi látogatót elbűvöl.</p>
</p></div>
<p><a href="https://www.lachtal.at/service/wetter/">Wetter</a></p>
<div class="acf-fc-column acf-fc-column-1">
<h2>Ajánlatok &amp; Kedvezmények</h2>
</p></div>

<p>Időjárás A fantasztikus időjárás Lachtalban a tájat festőivé varázsolja, amely valamennyi látogatót elbűvöl. Wetter Ajánlatok &amp; Kedvezmények</p>
