{"id":1306,"date":"2023-10-25T14:21:41","date_gmt":"2023-10-25T12:21:41","guid":{"rendered":"https:\/\/www.lachtal.at\/unterkunft-buchen\/"},"modified":"2024-04-23T09:09:48","modified_gmt":"2024-04-23T07:09:48","slug":"szallasfoglalas","status":"publish","type":"page","link":"https:\/\/www.lachtal.at\/hu\/hegyi-elmenyek\/szallasfoglalas\/","title":{"rendered":"Sz\u00e1ll\u00e1sfoglal\u00e1s"},"content":{"rendered":"<div class=\"acf-fc-column acf-fc-column-1\">\n<h1>Sz\u00e1ll\u00e1sfoglal\u00e1s<\/h1>\n<p class=\"large\">Foglalja le \u00e1lmai \u00fcd\u00fcl\u00e9s\u00e9t Lachtalon most!<\/p>\n<\/p><\/div>\n<div class=\"acf-fc-column acf-fc-column-1\">\n<p>Fedezze fel az osztr\u00e1k Alpok l\u00e9legzetel\u00e1ll\u00edt\u00f3 sz\u00e9ps\u00e9g\u00e9t \u00e9s \u00e9ljen \u00e1t felejthetetlen pillanatokat a fest\u0151i Lachtalon. Ak\u00e1r a t\u00e9li sportok, ak\u00e1r a t\u00far\u00e1z\u00e1s, ak\u00e1r csak a pihen\u00e9s \u00e9rdekli, itt mindent megtal\u00e1l, amire a sz\u00edve v\u00e1gyik.<\/p>\n<p>Biztos\u00edtsa hely\u00e9t m\u00e9g ma, engedje meg, hogy megtervezhess\u00fck \u00d6nnek a t\u00f6k\u00e9letes \u00fcd\u00fcl\u00e9st. Az\u00e9rt vagyunk itt, hogy seg\u00edts\u00fcnk \u00e9s tan\u00e1csot adjunk, hogy \u00fcd\u00fcl\u00e9se felejthetetlen legyen. Mire v\u00e1r m\u00e9g? Foglalja le \u00fcd\u00fcl\u00e9s\u00e9t a muraui r\u00e9gi\u00f3ban most \u00e9s mer\u00fclj\u00f6n el egy kalandokkal \u00e9s pihen\u00e9ssel teli vil\u00e1gban!<\/p>\n<\/p><\/div>\n","protected":false},"excerpt":{"rendered":"<p>Sz\u00e1ll\u00e1sfoglal\u00e1s Foglalja le \u00e1lmai \u00fcd\u00fcl\u00e9s\u00e9t Lachtalon most! Fedezze fel az osztr\u00e1k Alpok l\u00e9legzetel\u00e1ll\u00edt\u00f3 sz\u00e9ps\u00e9g\u00e9t \u00e9s \u00e9ljen \u00e1t felejthetetlen pillanatokat a fest\u0151i Lachtalon. Ak\u00e1r a t\u00e9li sportok, ak\u00e1r a t\u00far\u00e1z\u00e1s, ak\u00e1r csak a pihen\u00e9s \u00e9rdekli, itt mindent megtal\u00e1l, amire a sz\u00edve v\u00e1gyik. Biztos\u00edtsa hely\u00e9t m\u00e9g ma, engedje meg, hogy megtervezhess\u00fck \u00d6nnek a t\u00f6k\u00e9letes \u00fcd\u00fcl\u00e9st. Az\u00e9rt vagyunk [&hellip;]<\/p>\n","protected":false},"author":3,"featured_media":102,"parent":1321,"menu_order":0,"comment_status":"closed","ping_status":"closed","template":"","meta":{"_acf_changed":false,"footnotes":""},"class_list":["post-1306","page","type-page","status-publish","has-post-thumbnail","hentry"],"acf":[],"_links":{"self":[{"href":"https:\/\/www.lachtal.at\/hu\/wp-json\/wp\/v2\/pages\/1306","targetHints":{"allow":["GET"]}}],"collection":[{"href":"https:\/\/www.lachtal.at\/hu\/wp-json\/wp\/v2\/pages"}],"about":[{"href":"https:\/\/www.lachtal.at\/hu\/wp-json\/wp\/v2\/types\/page"}],"author":[{"embeddable":true,"href":"https:\/\/www.lachtal.at\/hu\/wp-json\/wp\/v2\/users\/3"}],"replies":[{"embeddable":true,"href":"https:\/\/www.lachtal.at\/hu\/wp-json\/wp\/v2\/comments?post=1306"}],"version-history":[{"count":3,"href":"https:\/\/www.lachtal.at\/hu\/wp-json\/wp\/v2\/pages\/1306\/revisions"}],"predecessor-version":[{"id":2048,"href":"https:\/\/www.lachtal.at\/hu\/wp-json\/wp\/v2\/pages\/1306\/revisions\/2048"}],"up":[{"embeddable":true,"href":"https:\/\/www.lachtal.at\/hu\/wp-json\/wp\/v2\/pages\/1321"}],"wp:featuredmedia":[{"embeddable":true,"href":"https:\/\/www.lachtal.at\/hu\/wp-json\/wp\/v2\/media\/102"}],"wp:attachment":[{"href":"https:\/\/www.lachtal.at\/hu\/wp-json\/wp\/v2\/media?parent=1306"}],"curies":[{"name":"wp","href":"https:\/\/api.w.org\/{rel}","templated":true}]}}

Szállásfoglalás

<div class="acf-fc-column acf-fc-column-1">
<h1>Szállásfoglalás</h1>
<p class="large">Foglalja le álmai üdülését Lachtalon most!</p>
</p></div>
<div class="acf-fc-column acf-fc-column-1">
<p>Fedezze fel az osztrák Alpok lélegzetelállító szépségét és éljen át felejthetetlen pillanatokat a festői Lachtalon. Akár a téli sportok, akár a túrázás, akár csak a pihenés érdekli, itt mindent megtalál, amire a szíve vágyik.</p>
<p>Biztosítsa helyét még ma, engedje meg, hogy megtervezhessük Önnek a tökéletes üdülést. Azért vagyunk itt, hogy segítsünk és tanácsot adjunk, hogy üdülése felejthetetlen legyen. Mire vár még? Foglalja le üdülését a muraui régióban most és merüljön el egy kalandokkal és pihenéssel teli világban!</p>
</p></div>

<p>Szállásfoglalás Foglalja le álmai üdülését Lachtalon most! Fedezze fel az osztrák Alpok lélegzetelállító szépségét és éljen át felejthetetlen pillanatokat a festői Lachtalon. Akár a téli sportok, akár a túrázás, akár csak a pihenés érdekli, itt mindent megtalál, amire a szíve vágyik. Biztosítsa helyét még ma, engedje meg, hogy megtervezhessük Önnek a tökéletes üdülést. Azért vagyunk [&hellip;]</p>
