{"id":1303,"date":"2019-11-25T18:14:58","date_gmt":"2019-11-25T17:14:58","guid":{"rendered":"https:\/\/www.lachtal.at\/startseite\/"},"modified":"2026-04-07T09:52:31","modified_gmt":"2026-04-07T07:52:31","slug":"teli","status":"publish","type":"page","link":"https:\/\/www.lachtal.at\/hu\/teli\/","title":{"rendered":"Startoldal \u2013 T\u00e9li"},"content":{"rendered":"<p><a href=\"https:\/\/www.lachtal.at\/hu\/szolgaltatas\/idojaras\/\">Wetter<\/a><\/p>\n<div class=\"acf-fc-column acf-fc-column-1\">\n<h1>Lachtal: a legend\u00e1s s\u00edter\u00fclet<\/h1>\n<p>A Lachtal-i s\u00edter\u00fclet legend\u00e1s \u00e9s gyakran \u201est\u00e1jer Arlbergk\u00e9nt\u201d is emlegetik. A hegy\u00e1llom\u00e1s 2.222 m\u00e9ter tengerszint feletti magass\u00e1gban tal\u00e1lhat\u00f3, \u00edgy St\u00e1jerorsz\u00e1g legmagasabb felvon\u00f3\u00e1llom\u00e1sa. Innen csod\u00e1latos hegyi panor\u00e1ma t\u00e1rul el\u00e9nk a legszebb lejt\u0151kkel.<\/p>\n<\/p><\/div>\n<div class=\"acf-fc-column acf-fc-column-1\">\n<div class=\"video-container\"><iframe loading=\"lazy\" title=\"Lachtal: Das legend\u00e4re Skigebiet\" width=\"1300\" height=\"731\" src=\"https:\/\/www.youtube.com\/embed\/1hNjOdpTXHg?feature=oembed&amp;rel=0&amp;showinfo=0\" frameborder=\"0\" allow=\"accelerometer; autoplay; clipboard-write; encrypted-media; gyroscope; picture-in-picture; web-share\" allowfullscreen><\/iframe><\/div>\n<p>&nbsp;<\/p>\n<\/p><\/div>\n<div class=\"acf-fc-column acf-fc-column-2\">\n<div class=\"video-container\"><iframe loading=\"lazy\" title=\"Flying Cam Lachtal\" width=\"1300\" height=\"731\" src=\"https:\/\/www.youtube.com\/embed\/1PbD6FKyKmo?feature=oembed&amp;rel=0&amp;showinfo=0\" frameborder=\"0\" allow=\"accelerometer; autoplay; clipboard-write; encrypted-media; gyroscope; picture-in-picture; web-share\" allowfullscreen><\/iframe><\/div>\n<\/p><\/div>\n<div class=\"acf-fc-column acf-fc-column-1\">\n<h2>#lachvorwinterspa\u00df<\/h2>\n<\/p><\/div>\n<div class=\"acf-fc-column acf-fc-column-1\">\n<h2>Mindig t\u00f6rt\u00e9nik valami: Esem\u00e9nyek &amp; Id\u0151pontok Lachtal-on<\/h2>\n<\/p><\/div>\n<p><a href=\"https:\/\/www.lachtal.at\/hu\/events\/\">Events&nbsp;<i class=\"custom-icon-right-open-big\"><\/i><\/a><\/p>\n<div>\n<div>\n\t\t\t<img width=\"250\" height=\"279\" src=\"https:\/\/www.lachtal.at\/wp-content\/uploads\/2023\/11\/TomLamm_5199_2-250x279.jpg?ver=20231122120850\" class=\"alignleft\" alt=\"\" decoding=\"async\" loading=\"lazy\" srcset=\"https:\/\/www.lachtal.at\/wp-content\/uploads\/2023\/11\/TomLamm_5199_2-250x279.jpg?ver=20231122120850 250w, https:\/\/www.lachtal.at\/wp-content\/uploads\/2023\/11\/TomLamm_5199_2-412x459.jpg?ver=20231122120850 412w, https:\/\/www.lachtal.at\/wp-content\/uploads\/2023\/11\/TomLamm_5199_2-269x300.jpg?ver=20231122120850 269w, https:\/\/www.lachtal.at\/wp-content\/uploads\/2023\/11\/TomLamm_5199_2-768x856.jpg?ver=20231122120850 768w, https:\/\/www.lachtal.at\/wp-content\/uploads\/2023\/11\/TomLamm_5199_2-918x1024.jpg?ver=20231122120850 918w, https:\/\/www.lachtal.at\/wp-content\/uploads\/2023\/11\/TomLamm_5199_2-1377x1536.jpg?ver=20231122120850 1377w, https:\/\/www.lachtal.at\/wp-content\/uploads\/2023\/11\/TomLamm_5199_2-1837x2048.jpg?ver=20231122120850 1837w, https:\/\/www.lachtal.at\/wp-content\/uploads\/2023\/11\/TomLamm_5199_2-72x80.jpg?ver=20231122120850 72w, https:\/\/www.lachtal.at\/wp-content\/uploads\/2023\/11\/TomLamm_5199_2-150x167.jpg?ver=20231122120850 150w, https:\/\/www.lachtal.at\/wp-content\/uploads\/2023\/11\/TomLamm_5199_2-200x223.jpg?ver=20231122120850 200w, https:\/\/www.lachtal.at\/wp-content\/uploads\/2023\/11\/TomLamm_5199_2-300x335.jpg?ver=20231122120850 300w, https:\/\/www.lachtal.at\/wp-content\/uploads\/2023\/11\/TomLamm_5199_2-350x390.jpg?ver=20231122120850 350w, https:\/\/www.lachtal.at\/wp-content\/uploads\/2023\/11\/TomLamm_5199_2-400x446.jpg?ver=20231122120850 400w, https:\/\/www.lachtal.at\/wp-content\/uploads\/2023\/11\/TomLamm_5199_2-800x892.jpg?ver=20231122120850 800w, https:\/\/www.lachtal.at\/wp-content\/uploads\/2023\/11\/TomLamm_5199_2-650x725.jpg?ver=20231122120850 650w, https:\/\/www.lachtal.at\/wp-content\/uploads\/2023\/11\/TomLamm_5199_2-1300x1450.jpg?ver=20231122120850 1300w, https:\/\/www.lachtal.at\/wp-content\/uploads\/2023\/11\/TomLamm_5199_2-67x75.jpg?ver=20231122120850 67w, https:\/\/www.lachtal.at\/wp-content\/uploads\/2023\/11\/TomLamm_5199_2-90x100.jpg?ver=20231122120850 90w, https:\/\/www.lachtal.at\/wp-content\/uploads\/2023\/11\/TomLamm_5199_2-117x130.jpg?ver=20231122120850 117w, https:\/\/www.lachtal.at\/wp-content\/uploads\/2023\/11\/TomLamm_5199_2-179x200.jpg?ver=20231122120850 179w, https:\/\/www.lachtal.at\/wp-content\/uploads\/2023\/11\/TomLamm_5199_2-359x400.jpg?ver=20231122120850 359w, https:\/\/www.lachtal.at\/wp-content\/uploads\/2023\/11\/TomLamm_5199_2-126x140.jpg?ver=20231122120850 126w, https:\/\/www.lachtal.at\/wp-content\/uploads\/2023\/11\/TomLamm_5199_2-438x488.jpg?ver=20231122120850 438w, https:\/\/www.lachtal.at\/wp-content\/uploads\/2023\/11\/TomLamm_5199_2-645x719.jpg?ver=20231122120850 645w, https:\/\/www.lachtal.at\/wp-content\/uploads\/2023\/11\/TomLamm_5199_2-271x302.jpg?ver=20231122120850 271w, https:\/\/www.lachtal.at\/wp-content\/uploads\/2023\/11\/TomLamm_5199_2-420x468.jpg?ver=20231122120850 420w, https:\/\/www.lachtal.at\/wp-content\/uploads\/2023\/11\/TomLamm_5199_2-1010x1126.jpg?ver=20231122120850 1010w, https:\/\/www.lachtal.at\/wp-content\/uploads\/2023\/11\/TomLamm_5199_2-1350x1505.jpg?ver=20231122120850 1350w, https:\/\/www.lachtal.at\/wp-content\/uploads\/2023\/11\/TomLamm_5199_2-690x769.jpg?ver=20231122120850 690w, https:\/\/www.lachtal.at\/wp-content\/uploads\/2023\/11\/TomLamm_5199_2-910x1015.jpg?ver=20231122120850 910w, https:\/\/www.lachtal.at\/wp-content\/uploads\/2023\/11\/TomLamm_5199_2-560x624.jpg?ver=20231122120850 560w, https:\/\/www.lachtal.at\/wp-content\/uploads\/2023\/11\/TomLamm_5199_2.jpg?ver=20231122120850 1920w\" sizes=\"auto, (max-width: 250px) 100vw, 250px\" data-lightbox-title=\"TomLamm_5199_2\" data-lightbox-alt=\"\" data-lightbox-caption=\"\" data-lightbox-srcset=\"https:\/\/www.lachtal.at\/wp-content\/uploads\/2023\/11\/TomLamm_5199_2-250x279.jpg 250w, https:\/\/www.lachtal.at\/wp-content\/uploads\/2023\/11\/TomLamm_5199_2-412x459.jpg 412w, https:\/\/www.lachtal.at\/wp-content\/uploads\/2023\/11\/TomLamm_5199_2-269x300.jpg 269w, https:\/\/www.lachtal.at\/wp-content\/uploads\/2023\/11\/TomLamm_5199_2-768x856.jpg 768w, https:\/\/www.lachtal.at\/wp-content\/uploads\/2023\/11\/TomLamm_5199_2-918x1024.jpg 918w, https:\/\/www.lachtal.at\/wp-content\/uploads\/2023\/11\/TomLamm_5199_2-1377x1536.jpg 1377w, https:\/\/www.lachtal.at\/wp-content\/uploads\/2023\/11\/TomLamm_5199_2-1837x2048.jpg 1837w, https:\/\/www.lachtal.at\/wp-content\/uploads\/2023\/11\/TomLamm_5199_2-72x80.jpg 72w, https:\/\/www.lachtal.at\/wp-content\/uploads\/2023\/11\/TomLamm_5199_2-150x167.jpg 150w, https:\/\/www.lachtal.at\/wp-content\/uploads\/2023\/11\/TomLamm_5199_2-200x223.jpg 200w, https:\/\/www.lachtal.at\/wp-content\/uploads\/2023\/11\/TomLamm_5199_2-300x335.jpg 300w, https:\/\/www.lachtal.at\/wp-content\/uploads\/2023\/11\/TomLamm_5199_2-350x390.jpg 350w, https:\/\/www.lachtal.at\/wp-content\/uploads\/2023\/11\/TomLamm_5199_2-400x446.jpg 400w, https:\/\/www.lachtal.at\/wp-content\/uploads\/2023\/11\/TomLamm_5199_2-800x892.jpg 800w, https:\/\/www.lachtal.at\/wp-content\/uploads\/2023\/11\/TomLamm_5199_2-650x725.jpg 650w, https:\/\/www.lachtal.at\/wp-content\/uploads\/2023\/11\/TomLamm_5199_2-1300x1450.jpg 1300w, https:\/\/www.lachtal.at\/wp-content\/uploads\/2023\/11\/TomLamm_5199_2-67x75.jpg 67w, https:\/\/www.lachtal.at\/wp-content\/uploads\/2023\/11\/TomLamm_5199_2-90x100.jpg 90w, https:\/\/www.lachtal.at\/wp-content\/uploads\/2023\/11\/TomLamm_5199_2-117x130.jpg 117w, https:\/\/www.lachtal.at\/wp-content\/uploads\/2023\/11\/TomLamm_5199_2-179x200.jpg 179w, https:\/\/www.lachtal.at\/wp-content\/uploads\/2023\/11\/TomLamm_5199_2-359x400.jpg 359w, https:\/\/www.lachtal.at\/wp-content\/uploads\/2023\/11\/TomLamm_5199_2-126x140.jpg 126w, https:\/\/www.lachtal.at\/wp-content\/uploads\/2023\/11\/TomLamm_5199_2-438x488.jpg 438w, https:\/\/www.lachtal.at\/wp-content\/uploads\/2023\/11\/TomLamm_5199_2-645x719.jpg 645w, https:\/\/www.lachtal.at\/wp-content\/uploads\/2023\/11\/TomLamm_5199_2-271x302.jpg 271w, https:\/\/www.lachtal.at\/wp-content\/uploads\/2023\/11\/TomLamm_5199_2-420x468.jpg 420w, https:\/\/www.lachtal.at\/wp-content\/uploads\/2023\/11\/TomLamm_5199_2-1010x1126.jpg 1010w, https:\/\/www.lachtal.at\/wp-content\/uploads\/2023\/11\/TomLamm_5199_2-1350x1505.jpg 1350w, https:\/\/www.lachtal.at\/wp-content\/uploads\/2023\/11\/TomLamm_5199_2-690x769.jpg 690w, https:\/\/www.lachtal.at\/wp-content\/uploads\/2023\/11\/TomLamm_5199_2-910x1015.jpg 910w, https:\/\/www.lachtal.at\/wp-content\/uploads\/2023\/11\/TomLamm_5199_2-560x624.jpg 560w, https:\/\/www.lachtal.at\/wp-content\/uploads\/2023\/11\/TomLamm_5199_2.jpg 1920w\" data-lightbox-width=\"1920\" data-lightbox-height=\"2141\" data-lightbox-thumb-src=\"https:\/\/www.lachtal.at\/wp-content\/uploads\/2023\/11\/TomLamm_5199_2-250x279.jpg\" data-lightbox-thumb-cropped=\"true\" data-lightbox-setup-ready=\"true\" \/>\t\t\t<\/p>\n<h3>\u00dcd\u00fcl\u00e9s: Sz\u00e1ll\u00e1skeres\u00e9s &amp; Foglal\u00e1s<\/h3>\n<p><a href=\"https:\/\/www.lachtal.at\/hu\/elmenyek-a-hegyen\/szallasfoglalas\/\">Err\u0151l b\u0151vebben<\/a><\/p>\n<\/p><\/div>\n<\/p><\/div>\n<div class=\"acf-fc-column acf-fc-column-1\">\n<h2>Mi \u00fajs\u00e1g Lachtalon?<\/h2>\n<\/p><\/div>\n<p><a href=\"https:\/\/www.lachtal.at\/hu\/aktualis\/\">Aktuelle Beitr\u00e4ge&nbsp;<i class=\"custom-icon-right-open-big\"><\/i><\/a><\/p>\n","protected":false},"excerpt":{"rendered":"<p>Wetter Lachtal: a legend\u00e1s s\u00edter\u00fclet A Lachtal-i s\u00edter\u00fclet legend\u00e1s \u00e9s gyakran \u201est\u00e1jer Arlbergk\u00e9nt\u201d is emlegetik. A hegy\u00e1llom\u00e1s 2.222 m\u00e9ter tengerszint feletti magass\u00e1gban tal\u00e1lhat\u00f3, \u00edgy St\u00e1jerorsz\u00e1g legmagasabb felvon\u00f3\u00e1llom\u00e1sa. Innen csod\u00e1latos hegyi panor\u00e1ma t\u00e1rul el\u00e9nk a legszebb lejt\u0151kkel. &nbsp; #lachvorwinterspa\u00df Mindig t\u00f6rt\u00e9nik valami: Esem\u00e9nyek &amp; Id\u0151pontok Lachtal-on Events&nbsp; \u00dcd\u00fcl\u00e9s: Sz\u00e1ll\u00e1skeres\u00e9s &amp; Foglal\u00e1s Err\u0151l b\u0151vebben Mi \u00fajs\u00e1g Lachtalon? [&hellip;]<\/p>\n","protected":false},"author":1,"featured_media":92,"parent":0,"menu_order":0,"comment_status":"closed","ping_status":"closed","template":"","meta":{"_acf_changed":false,"footnotes":""},"class_list":["post-1303","page","type-page","status-publish","has-post-thumbnail","hentry"],"acf":[],"_links":{"self":[{"href":"https:\/\/www.lachtal.at\/hu\/wp-json\/wp\/v2\/pages\/1303","targetHints":{"allow":["GET"]}}],"collection":[{"href":"https:\/\/www.lachtal.at\/hu\/wp-json\/wp\/v2\/pages"}],"about":[{"href":"https:\/\/www.lachtal.at\/hu\/wp-json\/wp\/v2\/types\/page"}],"author":[{"embeddable":true,"href":"https:\/\/www.lachtal.at\/hu\/wp-json\/wp\/v2\/users\/1"}],"replies":[{"embeddable":true,"href":"https:\/\/www.lachtal.at\/hu\/wp-json\/wp\/v2\/comments?post=1303"}],"version-history":[{"count":15,"href":"https:\/\/www.lachtal.at\/hu\/wp-json\/wp\/v2\/pages\/1303\/revisions"}],"predecessor-version":[{"id":3104,"href":"https:\/\/www.lachtal.at\/hu\/wp-json\/wp\/v2\/pages\/1303\/revisions\/3104"}],"wp:featuredmedia":[{"embeddable":true,"href":"https:\/\/www.lachtal.at\/hu\/wp-json\/wp\/v2\/media\/92"}],"wp:attachment":[{"href":"https:\/\/www.lachtal.at\/hu\/wp-json\/wp\/v2\/media?parent=1303"}],"curies":[{"name":"wp","href":"https:\/\/api.w.org\/{rel}","templated":true}]}}

Startoldal – Téli

<p><a href="https://www.lachtal.at/hu/szolgaltatas/idojaras/">Wetter</a></p>
<div class="acf-fc-column acf-fc-column-1">
<h1>Lachtal: a legendás síterület</h1>
<p>A Lachtal-i síterület legendás és gyakran „stájer Arlbergként” is emlegetik. A hegyállomás 2.222 méter tengerszint feletti magasságban található, így Stájerország legmagasabb felvonóállomása. Innen csodálatos hegyi panoráma tárul elénk a legszebb lejtőkkel.</p>
</p></div>
<div class="acf-fc-column acf-fc-column-1">
<div class="video-container"><iframe loading="lazy" title="Lachtal: Das legendäre Skigebiet" width="1300" height="731" src="https://www.youtube.com/embed/1hNjOdpTXHg?feature=oembed&amp;rel=0&amp;showinfo=0" frameborder="0" allow="accelerometer; autoplay; clipboard-write; encrypted-media; gyroscope; picture-in-picture; web-share" allowfullscreen></iframe></div>
<p>&nbsp;</p>
</p></div>
<div class="acf-fc-column acf-fc-column-2">
<div class="video-container"><iframe loading="lazy" title="Flying Cam Lachtal" width="1300" height="731" src="https://www.youtube.com/embed/1PbD6FKyKmo?feature=oembed&amp;rel=0&amp;showinfo=0" frameborder="0" allow="accelerometer; autoplay; clipboard-write; encrypted-media; gyroscope; picture-in-picture; web-share" allowfullscreen></iframe></div>
</p></div>
<div class="acf-fc-column acf-fc-column-1">
<h2>#lachvorwinterspaß</h2>
</p></div>
<div class="acf-fc-column acf-fc-column-1">
<h2>Mindig történik valami: Események &amp; Időpontok Lachtal-on</h2>
</p></div>
<p><a href="https://www.lachtal.at/hu/events/">Events&nbsp;<i class="custom-icon-right-open-big"></i></a></p>
<div>
<div>
			<img width="250" height="279" src="https://www.lachtal.at/wp-content/uploads/2023/11/TomLamm_5199_2-250x279.jpg?ver=20231122120850" class="alignleft" alt="" decoding="async" loading="lazy" srcset="https://www.lachtal.at/wp-content/uploads/2023/11/TomLamm_5199_2-250x279.jpg?ver=20231122120850 250w, https://www.lachtal.at/wp-content/uploads/2023/11/TomLamm_5199_2-412x459.jpg?ver=20231122120850 412w, https://www.lachtal.at/wp-content/uploads/2023/11/TomLamm_5199_2-269x300.jpg?ver=20231122120850 269w, https://www.lachtal.at/wp-content/uploads/2023/11/TomLamm_5199_2-768x856.jpg?ver=20231122120850 768w, https://www.lachtal.at/wp-content/uploads/2023/11/TomLamm_5199_2-918x1024.jpg?ver=20231122120850 918w, https://www.lachtal.at/wp-content/uploads/2023/11/TomLamm_5199_2-1377x1536.jpg?ver=20231122120850 1377w, https://www.lachtal.at/wp-content/uploads/2023/11/TomLamm_5199_2-1837x2048.jpg?ver=20231122120850 1837w, https://www.lachtal.at/wp-content/uploads/2023/11/TomLamm_5199_2-72x80.jpg?ver=20231122120850 72w, https://www.lachtal.at/wp-content/uploads/2023/11/TomLamm_5199_2-150x167.jpg?ver=20231122120850 150w, https://www.lachtal.at/wp-content/uploads/2023/11/TomLamm_5199_2-200x223.jpg?ver=20231122120850 200w, https://www.lachtal.at/wp-content/uploads/2023/11/TomLamm_5199_2-300x335.jpg?ver=20231122120850 300w, https://www.lachtal.at/wp-content/uploads/2023/11/TomLamm_5199_2-350x390.jpg?ver=20231122120850 350w, https://www.lachtal.at/wp-content/uploads/2023/11/TomLamm_5199_2-400x446.jpg?ver=20231122120850 400w, https://www.lachtal.at/wp-content/uploads/2023/11/TomLamm_5199_2-800x892.jpg?ver=20231122120850 800w, https://www.lachtal.at/wp-content/uploads/2023/11/TomLamm_5199_2-650x725.jpg?ver=20231122120850 650w, https://www.lachtal.at/wp-content/uploads/2023/11/TomLamm_5199_2-1300x1450.jpg?ver=20231122120850 1300w, https://www.lachtal.at/wp-content/uploads/2023/11/TomLamm_5199_2-67x75.jpg?ver=20231122120850 67w, https://www.lachtal.at/wp-content/uploads/2023/11/TomLamm_5199_2-90x100.jpg?ver=20231122120850 90w, https://www.lachtal.at/wp-content/uploads/2023/11/TomLamm_5199_2-117x130.jpg?ver=20231122120850 117w, https://www.lachtal.at/wp-content/uploads/2023/11/TomLamm_5199_2-179x200.jpg?ver=20231122120850 179w, https://www.lachtal.at/wp-content/uploads/2023/11/TomLamm_5199_2-359x400.jpg?ver=20231122120850 359w, https://www.lachtal.at/wp-content/uploads/2023/11/TomLamm_5199_2-126x140.jpg?ver=20231122120850 126w, https://www.lachtal.at/wp-content/uploads/2023/11/TomLamm_5199_2-438x488.jpg?ver=20231122120850 438w, https://www.lachtal.at/wp-content/uploads/2023/11/TomLamm_5199_2-645x719.jpg?ver=20231122120850 645w, https://www.lachtal.at/wp-content/uploads/2023/11/TomLamm_5199_2-271x302.jpg?ver=20231122120850 271w, https://www.lachtal.at/wp-content/uploads/2023/11/TomLamm_5199_2-420x468.jpg?ver=20231122120850 420w, https://www.lachtal.at/wp-content/uploads/2023/11/TomLamm_5199_2-1010x1126.jpg?ver=20231122120850 1010w, https://www.lachtal.at/wp-content/uploads/2023/11/TomLamm_5199_2-1350x1505.jpg?ver=20231122120850 1350w, https://www.lachtal.at/wp-content/uploads/2023/11/TomLamm_5199_2-690x769.jpg?ver=20231122120850 690w, https://www.lachtal.at/wp-content/uploads/2023/11/TomLamm_5199_2-910x1015.jpg?ver=20231122120850 910w, https://www.lachtal.at/wp-content/uploads/2023/11/TomLamm_5199_2-560x624.jpg?ver=20231122120850 560w, https://www.lachtal.at/wp-content/uploads/2023/11/TomLamm_5199_2.jpg?ver=20231122120850 1920w" sizes="auto, (max-width: 250px) 100vw, 250px" data-lightbox-title="TomLamm_5199_2" data-lightbox-alt="" data-lightbox-caption="" data-lightbox-srcset="https://www.lachtal.at/wp-content/uploads/2023/11/TomLamm_5199_2-250x279.jpg 250w, https://www.lachtal.at/wp-content/uploads/2023/11/TomLamm_5199_2-412x459.jpg 412w, https://www.lachtal.at/wp-content/uploads/2023/11/TomLamm_5199_2-269x300.jpg 269w, https://www.lachtal.at/wp-content/uploads/2023/11/TomLamm_5199_2-768x856.jpg 768w, https://www.lachtal.at/wp-content/uploads/2023/11/TomLamm_5199_2-918x1024.jpg 918w, https://www.lachtal.at/wp-content/uploads/2023/11/TomLamm_5199_2-1377x1536.jpg 1377w, https://www.lachtal.at/wp-content/uploads/2023/11/TomLamm_5199_2-1837x2048.jpg 1837w, https://www.lachtal.at/wp-content/uploads/2023/11/TomLamm_5199_2-72x80.jpg 72w, https://www.lachtal.at/wp-content/uploads/2023/11/TomLamm_5199_2-150x167.jpg 150w, https://www.lachtal.at/wp-content/uploads/2023/11/TomLamm_5199_2-200x223.jpg 200w, https://www.lachtal.at/wp-content/uploads/2023/11/TomLamm_5199_2-300x335.jpg 300w, https://www.lachtal.at/wp-content/uploads/2023/11/TomLamm_5199_2-350x390.jpg 350w, https://www.lachtal.at/wp-content/uploads/2023/11/TomLamm_5199_2-400x446.jpg 400w, https://www.lachtal.at/wp-content/uploads/2023/11/TomLamm_5199_2-800x892.jpg 800w, https://www.lachtal.at/wp-content/uploads/2023/11/TomLamm_5199_2-650x725.jpg 650w, https://www.lachtal.at/wp-content/uploads/2023/11/TomLamm_5199_2-1300x1450.jpg 1300w, https://www.lachtal.at/wp-content/uploads/2023/11/TomLamm_5199_2-67x75.jpg 67w, https://www.lachtal.at/wp-content/uploads/2023/11/TomLamm_5199_2-90x100.jpg 90w, https://www.lachtal.at/wp-content/uploads/2023/11/TomLamm_5199_2-117x130.jpg 117w, https://www.lachtal.at/wp-content/uploads/2023/11/TomLamm_5199_2-179x200.jpg 179w, https://www.lachtal.at/wp-content/uploads/2023/11/TomLamm_5199_2-359x400.jpg 359w, https://www.lachtal.at/wp-content/uploads/2023/11/TomLamm_5199_2-126x140.jpg 126w, https://www.lachtal.at/wp-content/uploads/2023/11/TomLamm_5199_2-438x488.jpg 438w, https://www.lachtal.at/wp-content/uploads/2023/11/TomLamm_5199_2-645x719.jpg 645w, https://www.lachtal.at/wp-content/uploads/2023/11/TomLamm_5199_2-271x302.jpg 271w, https://www.lachtal.at/wp-content/uploads/2023/11/TomLamm_5199_2-420x468.jpg 420w, https://www.lachtal.at/wp-content/uploads/2023/11/TomLamm_5199_2-1010x1126.jpg 1010w, https://www.lachtal.at/wp-content/uploads/2023/11/TomLamm_5199_2-1350x1505.jpg 1350w, https://www.lachtal.at/wp-content/uploads/2023/11/TomLamm_5199_2-690x769.jpg 690w, https://www.lachtal.at/wp-content/uploads/2023/11/TomLamm_5199_2-910x1015.jpg 910w, https://www.lachtal.at/wp-content/uploads/2023/11/TomLamm_5199_2-560x624.jpg 560w, https://www.lachtal.at/wp-content/uploads/2023/11/TomLamm_5199_2.jpg 1920w" data-lightbox-width="1920" data-lightbox-height="2141" data-lightbox-thumb-src="https://www.lachtal.at/wp-content/uploads/2023/11/TomLamm_5199_2-250x279.jpg" data-lightbox-thumb-cropped="true" data-lightbox-setup-ready="true" />			</p>
<h3>Üdülés: Szálláskeresés &amp; Foglalás</h3>
<p><a href="https://www.lachtal.at/hu/elmenyek-a-hegyen/szallasfoglalas/">Erről bővebben</a></p>
</p></div>
</p></div>
<div class="acf-fc-column acf-fc-column-1">
<h2>Mi újság Lachtalon?</h2>
</p></div>
<p><a href="https://www.lachtal.at/hu/aktualis/">Aktuelle Beiträge&nbsp;<i class="custom-icon-right-open-big"></i></a></p>

<p>Wetter Lachtal: a legendás síterület A Lachtal-i síterület legendás és gyakran „stájer Arlbergként” is emlegetik. A hegyállomás 2.222 méter tengerszint feletti magasságban található, így Stájerország legmagasabb felvonóállomása. Innen csodálatos hegyi panoráma tárul elénk a legszebb lejtőkkel. &nbsp; #lachvorwinterspaß Mindig történik valami: Események &amp; Időpontok Lachtal-on Events&nbsp; Üdülés: Szálláskeresés &amp; Foglalás Erről bővebben Mi újság Lachtalon? [&hellip;]</p>
